 26 - 19. Suppose -15 = s - 2*u, 0 = 3*s - y*s - 4*u - 12. Let l = s + 9. What is the units digit of l?
2
Let o = -11 - -8. Suppose 0 = 5*b + 10 + 10, -3*u = 3*b. Let h = u - o. What is the units digit of h?
7
Suppose -440 = -11*x + 2629. What is the hundreds digit of x?
2
Let q(r) = -2*r**3 - 40*r**2 - 47*r + 11. What is the tens digit of q(-21)?
8
Let s be (-3 - -3)/4 - -42. Suppose 0 = y + 3*k - 13, -5*y + 3*k + s = -77. Let l = y + -10. What is the tens digit of l?
1
Let k = 2504 + -1423. What is the tens digit of k?
8
Suppose -4*g + 559 = -0*h - h, 4*g + 3*h - 547 = 0. What is the tens digit of g?
3
Let y(i) = -2*i + 10. Let b be y(6). Let n = b + 4. What is the units digit of n*(0 + 1)*1?
2
Let o = 215 + -209. What is the units digit of o?
6
Let y(p) = -3*p**3 - 19*p**2 + 2*p + 25. What is the tens digit of y(-11)?
9
Let s(y) = 1592*y**2 + 76*y + 75. What is the tens digit of s(-1)?
9
Let x(k) = k**3 + 6*k**2 - 6*k + 10. Let s be x(-7). Suppose 395 = -s*g + 1076. What is the units digit of g?
7
Let l be (-7)/(-1) - (1 - -2). Let z be (-2)/4 - 506/l. What is the tens digit of (-8)/20 + z/(-5)?
2
Let p(n) = -9*n - 9. Let w(t) = -10*t - 8. Let f(g) = -4*p(g) + 3*w(g). Let o be f(10). Let h = o + -41. What is the tens digit of h?
3
Let p(w) be the first derivative of 2*w**3/3 + w**2 - w - 5. Let f be p(1). Suppose -5*h + f*i + 72 = 0, -3*h + 48 = -0*h - 3*i. What is the tens digit of h?
1
What is the tens digit of 26313/140 + 7/140?
8
Let x(u) = -108*u - 555. What is the tens digit of x(-24)?
3
Suppose 1 = -4*a + 5. Let s be (-1)/((-4)/28) + -1. Let l = a + s. What is the units digit of l?
7
Let f = 8659 + -4664. What is the tens digit of f?
9
Suppose -4*g = -2 - 10. Suppose 0 = -3*c - g*v + 42, -5*c + v + 105 = -v. What is the units digit of c?
9
Suppose 625*z - 618*z - 3115 = 0. What is the hundreds digit of z?
4
Suppose 2593 = -12*t + 11929. What is the units digit of t?
8
Let k be 1*(-1 + 41)/(-4). What is the units digit of (1224/(-16) - -4)*8/k?
8
Let v = -8 + 8. Suppose v = -2*h - h + 4*s + 74, -3*h = 5*s - 110. Suppose 4*p - 54 = h. What is the units digit of p?
1
Let a(c) = -3*c + 1. Let k be a(-1). Let j be (15/12)/(2/8). Suppose 0*x + 4*x = -3*m + 13, -k*x - 11 = -j*m. What is the units digit of m?
3
What is the thousands digit of (-1 - (-6549)/6) + 16/32?
1
Let v(x) = 2*x**3 - 7*x - x**3 + 2*x - 3*x**2. What is the units digit of v(5)?
5
What is the hundreds digit of (-3)/(-2)*(-2)/3 - -429?
4
Let d(h) = -18*h + 19*h**2 - 16 + 21*h**2 - 38*h**2. What is the tens digit of d(11)?
2
Let u be (-24)/16 - 7/(-2). Let o(s) = -u + 8*s - s**2 - 20*s + 3. What is the units digit of o(-7)?
6
Let x be 1/(-2 + 96/46)*6. What is the tens digit of (4/12)/(1/x)?
2
What is the tens digit of ((-14)/(-28))/(6/8724)?
2
Let c = 1799 + -1261. Suppose 4*k = 8, c = 5*g - 5*k - 92. What is the hundreds digit of g?
1
Let q be 30/(-26) - 10/(-65). Let i be q/(-2*(-1)/(-70)). Suppose -2*y + 19 = -i. What is the tens digit of y?
2
Suppose 0 = 3*v - 1225 - 725. What is the hundreds digit of v?
6
Suppose 0 = 2*o - k - 6, 5*k - 35 = -5*o + 2*o. Suppose 0*d = -5*d + o*l + 340, 4*d = -4*l + 304. What is the tens digit of d?
7
Let s = 8 - 5. Suppose -s = 4*z - 55. What is the units digit of z?
3
Let o = 446 - 57. Suppose -3*t + 234 = -0*x - 2*x, 5*t - o = 3*x. What is the tens digit of t?
7
Suppose 6 = 7*a - 9*a. What is the units digit of 9/(-12)*2*394/a?
7
Suppose -2*k - 6 = -4*k. Let w be (-10*5)/(15/(-30)). What is the units digit of w/4 + -2 - k?
0
Let v = -285 + 117. Let a be v/(-98) + (-4)/(-14). Suppose -a*l + 84 = -5*x, -l - 182 = -5*l + 3*x. What is the units digit of l?
7
Let x = -3 + -39. Let v = x + 76. Let r = 64 - v. What is the units digit of r?
0
Let f(u) = u**2 + 13*u - 10. Let x(t) = t - 1. Let d(y) = -f(y) + x(y). Suppose -c = 9 + 1. What is the tens digit of d(c)?
2
Suppose 4*j - 3 = -3*d - 5, 3*j = 5*d + 42. Let b(u) = -u**2 - 4*u + 14. Let y be b(d). What is the tens digit of y/(-5) - (-366)/15?
2
Let m(y) = -28 - 22 + 53*y - 15. What is the units digit of m(5)?
0
Let d(v) = -2*v**3 + 3*v**2 + 2*v. Let y be d(-2). Suppose -2*q - y = q. What is the units digit of 1/q - (-321)/8?
0
Let i = -4 + 6. Let w(h) = 10 + 0*h**i + 3*h - 2*h - 2*h + h**2. What is the units digit of w(0)?
0
Let z = -998 + 1910. What is the units digit of z?
2
What is the tens digit of 16/11 + 90/165 + 1551?
5
Let j(r) = -r**3 - 9*r**2 - r + 27. What is the units digit of j(-10)?
7
Let p(n) = n**3 - 16*n**2 + 7*n + 10. What is the thousands digit of p(23)?
3
Let h = -975 - -4170. What is the thousands digit of h?
3
Let o(p) = p**2 + 8*p + 6. Let c be o(-8). Suppose d + c = -3*l + 11, -l = 2*d - 10. What is the units digit of (l - 6)/(3/(-4))?
8
Let g(l) = 255*l - 14. What is the thousands digit of g(4)?
1
Suppose r - 16 = -4*z + 1, 4*z = 0. Let v = -251 + 242. Let k = r + v. What is the units digit of k?
8
Suppose -r + 2*r = 4. Suppose -9*g = -5*g + n - 12, -5*n = -3*g - 14. Suppose -w - f = -21, r*f = g*w - 34 - 32. What is the tens digit of w?
2
Let b(k) = -k**3 + 12*k**2 - 9*k - 4. Let s(h) = h - 9. Let y be s(9). Suppose -4*p + 25 + 19 = y. What is the tens digit of b(p)?
1
What is the tens digit of -1 + (6552/2)/3?
9
What is the hundreds digit of (95/20)/(7/336)?
2
Suppose 0 = -5*d - 4*m - 630, 3*m - 126 = -d + 2*d. Let q = d - -228. What is the hundreds digit of q?
1
What is the units digit of 11415/18 - (-17)/(-102)?
4
Let r = -226 - -444. What is the tens digit of r?
1
Let i be 432/(16/(-4)) - 3. Let a = i - -156. What is the tens digit of a?
4
Suppose 14*a - 8 = 13*a. Let t be -2*(-3)/a*4. Suppose -t*o + 3*d = -4*o + 9, 0 = o - 2*d - 14. What is the tens digit of o?
1
Let g(c) = c**2 + 6*c + 9. Let a be g(-5). Suppose 2*d + 155 = 2*k + k, 5*k - 295 = -a*d. What is the tens digit of k?
5
Let n = -34 - -38. Suppose -4*z + 388 = 4*p, 0 = -n*p - 2*z + z + 379. What is the tens digit of p?
9
Let i = -1029 - -636. What is the tens digit of (-12)/102 + i/(-17)?
2
Let d(o) = -163*o + 409. What is the units digit of d(-5)?
4
Let j = 16 - 43. What is the tens digit of 232/((-2)/(-11) + j/(-33))?
3
Let n(m) = -8*m + 2. Let h be n(-2). Let w be (-4)/h - 21/27. What is the units digit of (-12)/w - (-1 + -1)?
4
What is the hundreds digit of (-3872)/(-5 - 3) + 2/(-1)?
4
Let t(a) = -a**2 - a + 1. Let g(f) = 5*f**2 - 19. Let k(p) = -g(p) - 6*t(p). What is the units digit of k(6)?
5
What is the hundreds digit of (-1)/3 + 1 + (-9996)/(-18)?
5
Let t be (-292)/32 + (-1)/(-8). Let d = t + 10. What is the tens digit of d + (-40)/(3 - 5)?
2
Let t = 2245 - 31. What is the tens digit of t?
1
Let q(r) = 2*r**3 - r**2 + 3*r + 1. Let k(t) = -t + 12. Let s be k(9). What is the units digit of q(s)?
5
Let l(k) = 84*k. Let s be l(1). Suppose 5*c - 2 = f, 0*f - s = -4*f - 3*c. What is the units digit of f?
8
Let z(d) = -d + 1. Let v(p) = 10*p - 7. Let g(c) = -v(c) - 6*z(c). Let s be g(-6). Let w = s - -24. What is the units digit of w?
9
Suppose 0 = -2*g - 4*a + 1716, 2*g - 18*a = -20*a + 1716. What is the units digit of g?
8
Let k(o) = 41*o + 12 + 16 + 8. What is the tens digit of k(4)?
0
Suppose -89 = -5*x + 11. Suppose -w + x = 3*w. Suppose -4*y + 3*y - 2*c = -7, 4*c - 53 = -w*y. What is the tens digit of y?
1
Suppose 22 = 3*l - 14. What is the tens digit of ((-9)/6)/(l/(-424))?
5
Suppose 3*g - 4*d = 4*g + 14, 3*g + 3*d = -6. Let x be (-1)/3 + 38/6. What is the units digit of (40 - g)/(3/x)?
6
Let u be 5/(-15) - 253/(-3). Suppose 490 = 7*x - u. What is the tens digit of x?
8
Let u be (-10)/(-4) + 5/(-10). Let a(s) = s**u + s**2 - s**3 - 4 + s**2 + 5*s. What is the tens digit of a(3)?
1
Let d(z) = 5*z**2 - 5*z + 3. Let t be d(4). Let a = -31 + t. Suppose -5*g + 5*x + a = x, 2*x + 26 = 5*g. What is the units digit of g?
4
Let g be (3 + 0)/(3/2). What is the tens digit of 83 - ((2 - g) + 4)?
7
Suppose 4*k - 294 = -3*y, y + 198 = 3*y + 2*k. Suppose -3*n - 9 = 0, -4*a + 494 + y = -4*n. What is the hundreds digit of a?
1
Let t(g) = 6*g - 14. Let p be t(6). Let r(a) = 65*a**2 - a - 1. Let h be r(-1). Let u = h - p. What is the tens digit of u?
4
Suppose 6*x - 140 = 5*x. Suppose -x = 4*n + 4*s, -3*s + 133 = 2*n - 6*n. Let g = -23 - n. What is the tens digit of g?
1
Let r(b) = -5*b**3 - b**2. Let 